divisor of 2703 and 48283689?
2703
What is the highest common divisor of 4422671 and 1694?
121
What is the highest common divisor of 441 and 10870209?
441
What is the highest common factor of 15499358 and 2877?
959
What is the greatest common divisor of 34307 and 53389?
203
What is the greatest common factor of 24265764 and 156?
12
Calculate the highest common divisor of 2042 and 223045618.
2042
What is the highest common factor of 2377 and 418882071?
2377
What is the highest common divisor of 138539986 and 106?
106
Calculate the highest common divisor of 268 and 6951384.
268
What is the highest common divisor of 81900 and 2905704?
36
What is the highest common factor of 34029 and 369543?
597
What is the greatest common factor of 5497030 and 560?
70
What is the highest common factor of 78961621 and 42791?
6113
What is the highest common factor of 2720 and 5232685?
85
Calculate the highest common factor of 40291 and 14491.
43
What is the highest common divisor of 37920 and 85896?
24
Calculate the highest common divisor of 424879 and 46529.
161
What is the highest common factor of 20900355 and 1953?
651
Calculate the highest common factor of 350750 and 206750.
250
What is the highest common divisor of 394376 and 504?
8
What is the greatest common factor of 475 and 101829170?
95
Calculate the greatest common divisor of 38043 and 515646.
27
What is the greatest common factor of 200 and 23997245?
5
Calculate the greatest common divisor of 590990 and 1170454.
226
Calculate the greatest common factor of 3806 and 40348.
22
Calculate the greatest common factor of 2919 and 1526137851.
2919
Calculate the greatest common factor of 1172802284 and 228.
76
Calculate the greatest common factor of 1197584 and 680.
8
Calculate the highest common divisor of 2322 and 1621134.
54
Calculate the highest common factor of 19902210 and 30.
30
What is the highest common divisor of 217125 and 1261255?
965
What is the greatest common divisor of 52722 and 551?
29
Calculate the highest common divisor of 1624994040 and 267.
267
What is the highest common factor of 116 and 45394628?
116
Calculate the highest common factor of 4793125 and 18125.
625
What is the highest common divisor of 866778 and 1446?
6
Calculate the greatest common factor of 18445 and 884765.
595
Calculate the highest common divisor of 1414 and 130733491.
707
Calculate the highest common factor of 1396977843 and 393.
393
What is the greatest common divisor of 817 and 18575957?
43
What is the greatest common factor of 30 and 6067986?
6
What is the highest common divisor of 1660 and 12975556?
332
Calculate the highest common factor of 40017760 and 3350.
670
Calculate the greatest common factor of 508795322 and 686.
98
Calculate the highest common factor of 415 and 1313023895.
415
Calculate the greatest common factor of 749708068 and 489.
163
What is the highest common divisor of 59152 and 95856?
16
Calculate the highest common factor of 34248978 and 414.
414
Calculate the highest common factor of 25748 and 192.
4
What is the greatest common divisor of 520064 and 696?
8
What is the greatest common factor of 95084 and 5367924?
8644
Calculate the greatest common divisor of 565824 and 294.
42
Calculate the highest common factor of 62586 and 35249826.
6954
Calculate the greatest common divisor of 24087858 and 114.
114
What is the highest common factor of 1862 and 1995133?
931
Calculate the highest common divisor of 1015 and 3934285.
145
Calculate the highest common divisor of 129527998 and 284.
142
Calculate the highest common factor of 857725634 and 58.
58
What is the highest common factor of 222156 and 199529?
2057
What is the greatest common factor of 24282039 and 327?
327
Calculate the greatest common factor of 1434 and 29592741.
717
What is the highest common factor of 464 and 1472156?
116
What is the greatest common divisor of 342410 and 436308?
706
What is the highest common factor of 4095 and 34357365?
315
Calculate the highest common factor of 6760 and 551720.
520
What is the highest common factor of 276250 and 86632?
442
Calculate the greatest common divisor of 8703441 and 18.
9
Calculate the greatest common factor of 1682728 and 680.
136
What is the greatest common factor of 229104 and 127839?
129
What is the highest common factor of 17692155 and 675?
135
What is the greatest common factor of 35 and 15490678?
7
What is the highest common factor of 31762483 and 2434?
1217
What is the highest common factor of 138384 and 81096?
744
Calculate the greatest common divisor of 638 and 7007792.
638
What is the greatest common factor of 34785 and 78786?
9
What is the highest common divisor of 93734790 and 7410?
570
What is the highest common factor of 7974435 and 14532?
3633
Calculate the highest common divisor of 65559 and 15192099.
1599
Calculate the highest common factor of 2772 and 600948.
36
What is the greatest common divisor of 3292 and 227026196?
3292
What is the greatest common divisor of 7 and 1372803607?
7
What is the greatest common factor of 50414 and 9947574?
182
What is the highest common divisor of 72271065 and 5?
5
What is the greatest common factor of 14645 and 59005?
5
Calculate the highest common factor of 10815672 and 504.
168
What is the highest common factor of 16515084 and 12?
12
Calculate the greatest common divisor of 1116 and 4995309.
93
Calculate the greatest common divisor of 6579705 and 915.
15
What is the highest common factor of 2709068 and 238738?
158
Calculate the highest common factor of 221 and 80822703.
13
What is the highest common divisor of 23254880 and 13651?
803
Calculate the greatest common divisor of 1652697 and 2727.
27
What is the highest common factor of 375 and 214908875?
125
Calculate the highest common divisor of 29040 and 398695.
605
What is the greatest common divisor of 8383851 and 230202?
1323
Calculate the highest common divisor of 475872507 and 69.
69
Calculate the highest common factor of 8 and 66077888.
8
Calculate the highest common divisor of 15770 and 1064.
38
What is the highest common factor of 576 and 82534392?
72
Calculate the highest common factor of 746944 and 4077568.
704
What is the greatest common factor of 9430308 and 34?
34
Calculate the greatest common factor of 4321274 and 32.
2
Calculate the highest common divisor of 243325 and 1125.
25
What is the highest common factor of 1 and 442626?
1
Calculate the highest common factor of 9104 and 6233395.
569
What is the greatest common factor of 40287 and 780429?
39
Calculate the greatest common divisor of 118 and 33055458.
118
Calculate the greatest common factor of 10615450 and 870.
290
Calculate the greatest common factor of 103587984 and 1328.
1328
Calculate the highest common divisor of 2210 and 69095.
65
Calculate the highest common divisor of 570 and 5776779.
57
Calculate the highest common factor of 1715 and 72485.
35
Calculate the highest common factor of 600837 and 47709.
57
What is the highest common divisor of 40 and 109454584?
8
Calculate the greatest common divisor of 199157 and 6544967.
1237
Calculate the greatest common divisor of 970 and 56305.
5
Calculate the greatest common divisor of 4843 and 512189.
167
Calculate the greatest common divisor of 7116 and 319503656.
2372
What is the greatest common divisor of 96 and 1391332?
4
Calculate the highest common factor of 227830 and 1730.
10
Calculate the greatest common factor of 20 and 4672532.
4
What is the greatest common divisor of 320 and 80677120?
320
Calculate the greatest common divisor of 784 and 2392425.
49
Calculate the greatest common factor of 1925608 and 8.
8
Calculate the greatest common divisor of 155632 and 160176.
1136
Calculate the greatest common divisor of 33052826 and 13233.
401
What is the greatest common factor of 16 and 942883616?
16
What is the greatest common factor of 43993 and 10701?
1189
What is the highest common factor of 15748681 and 5304?
221
Calculate the highest common factor of 6088446 and 2773.
59
What is the greatest common divisor of 6976567 and 3887?
299
What is the highest common factor of 207 and 12133512?
207
What is the highest common divisor of 542046 and 321714?
366
Calculate the highest common divisor of 5005046 and 1208.
302
Calculate the greatest common factor of 4 and 41324068.
4
Cal